+ 7 + -7 + 1
-2
9 - (1 - -8 - (8 + -5))
3
What is -7 - (-19 - (4 + -9))?
7
6 + -5 + 8 - 3
6
Evaluate 3 - (-8 + (-1 - 4 - -10)).
6
What is the value of (-6 - (0 + -4)) + 7?
5
Evaluate 2 + -7 + (-1 - -1).
-5
What is the value of 5 - (17 + -6 + 1)?
-7
What is the value of (9 - 15 - 4) + (0 - -5)?
-5
What is (1 - -2) + -5 + 1 + 2?
1
What is the value of 2 + -6 + 0 - (2 + -5)?
-1
What is the value of (2 - 9) + 14 + -14?
-7
Evaluate -96 - -95 - (7 + 1).
-9
(-5 - (-7 - -1)) + (-1 - 4)
-4
Calculate 0 + -2 + -6 + 9.
1
What is the value of 23 + -11 - 6 - 1?
5
Calculate 14 - (15 - -4 - 10).
5
What is 6 - 15 - -6 - (3 - -1)?
-7
Evaluate 1 + -13 + (5 - 0).
-7
Evaluate 4 + 0 - (0 - 5 - -9).
0
Evaluate -2 - (5 + -6 + -4).
3
Calculate 20 + -21 - 3 - (-7 - -1).
2
What is the value of -3 - (-10 + (2 - -3)) - 3?
-1
7 + -7 + 5 + -4 + -3
-2
Calculate -5 - -7 - 1 - -1.
2
Calculate 1 + 1 - (62 + -61).
1
What is the value of -1 + -1 - (1 + -13 - -14)?
-4
Calculate -10 - (-11 + (-1 - -7)).
-5
Evaluate (-5 - 1) + 7 + (0 - 3).
-2
Calculate 0 - (-4 + 5 - (1 + 3)).
3
Calculate -4 + 9 + (-6 - (-1 - 3)).
3
What is the value of 6 - (-1 + 6 + -3 - -5)?
-1
Calculate (73 - 65) + -1 + -5.
2
Evaluate (-1 - -2) + (3 - 3).
1
(5 - 10) + 0 + 0
-5
Evaluate 4 + 9 + (-8 - (3 - 1)).
3
What is 4 + 0 + 14 + -20?
-2
-3 + (2 - -2) + 3 + -7
-3
4 - -6 - 3 - 3
4
What is (9 - 23) + 14 + -2?
-2
What is -6 + 7 + 0 + -4?
-3
Evaluate 4 - ((-9 - -7) + 7).
-1
What is (2 - (0 + 2)) + (-34 - -33)?
-1
5 + (-11 + 0 - -3)
-3
What is -4 - 2 - -9 - 0?
3
3 + (4 - 4) + -3 + -3
-3
What is -3 - (-1 - (-4 - (-12 + 1)))?
5
What is 0 + 1 + 5 - 7?
-1
-1 + -6 - (-6 - (-3 - -9))
5
-38 + 43 + -1 + 1
5
-1 - ((-8 - -5) + (1 - -1))
0
Calculate 2 - (2 - (1 - 3)) - 3.
-5
What is the value of 3 + -11 + 0 + 1?
-7
What is 5 + 6 - (1 - -7)?
3
Evaluate 7 + -6 + -5 - -3.
-1
Evaluate 6 + -4 - 0 - -2.
4
Calculate -3 - ((-8 - (2 + -1)) + 5).
1
Evaluate (7 - 5) + 4 + -14.
-8
What is the value of (1 + 1 - -1) + (7 - 12)?
-2
What is -2 + (4 - -10) - 10?
2
Calculate 7 - (-3 - -1 - -10).
-1
Evaluate -9 - ((2 - 12) + -1).
2
0 - (-22 - -11 - -5)
6
Evaluate 2 + -1 + -3 + -4 + 4.
-2
What is the value of (-6 + 4 - -10 - 4) + 6?
10
What is the value of 4 + (-9 - (1 + -5))?
-1
Evaluate -2 - (-15 - (2 - 16)).
-1
Evaluate -1 + -1 + 1 + 1 + 3.
3
15 - 5 - (13 - 0)
-3
What is (21 - 27) + (-2 - 1)?
-9
Calculate -2 + (2 - 4) + 2.
-2
Calculate -4 - -2 - (5 + -10).
3
What is the value of -4 + (4 - (1 + -2))?
1
Calculate (4 + -1 - -1) + -1.
3
Calculate (-26 - -15) + (-1 - -17).
5
What is the value of 5 + (3 - -2) + -6?
4
Calculate (-2 - -2) + -8 - 0 - -15.
7
Evaluate -7 - ((10 - 2) + -12).
-3
What is the value of -17 - (12 - 23) - (0 + -1)?
-5
What is -2 - (-1 - -10) - -16?
5
What is the value of 10 + -5 + (-1 - (2 + -3))?
5
Calculate 9 + (-1 - (-6 - -7)).
7
Evaluate 8 + 10 + (-9 - 12).
-3
What is the value of 11 + 10 + -9 + -14?
-2
Calculate 5 + 4 - 3 - 4.
2
What is the value of 6 + (9 - 14) - 5?
-4
What is 1 - ((-3 - (-1 - 2)) + 0)?
1
Evaluate 12 + -13 + 2 + 4.
5
6 + (1 - (12 + -8))
3
What is 1 - 2 - -2 - (10 + -9)?
0
What is the value of -2 - -5 - (-5 - -13 - 3)?
-2
Evaluate 2 + -2 + 2 + (-9 - -6).
-1
What is 3 + -6 + 6 + -8?
-5
What is (-6 - -5) + (3 - 3)?
-1
What is 2 + (-8 + 9 - 6)?
-3
What is the value of -3 - -1 - (4 - 0 - -3)?
-9
Calculate 3 + (9 - 8) + 1 + 2.
7
What is the value of -2 - 7 - (40 + -43)?
-6
What is 3 - (13 - (0 + 5))?
-5
Calculate 15 + (-8 - -5) + -4.
8
3 + -3 + -1 + -1 + 1
-1
Calculate -6 + 2 + -1 + 7.
2
-4 + 4 + (-2 - (4 + -2))
-4
What is the value of -10 - (-12 - 9) - 11?
0
Evaluate -3 - -1 - (13 - 16).
1
-2 + (2 + 1 - (0 - 0))
1
Calculate 4 - (6 + -4 + -3).
5
5 - (4 + -11 + (-1 - -8))
5
Evaluate -4 - ((-3 - 2) + 4).
-3
(-2 - (3 - 7)) + -9 + 5
-2
What is the value of 3 + (-8 - -5) + (10 - 1)?
9
-64 + 69 - (-2 + 4)
3
What is -5 + 0 + 7 - (-1 - -3)?
0
(-4 - -1) + (-7 - -14 - 9)
-5
Calculate (6 - (3 + -4)) + -3.
4
What is 2 + -1 - (0 - (3 + -2))?
2
(-1 - 2) + (8 - (20 + -9))
-6
Calculate 2 + 1 - (-1 + -1).
5
(-2 - 1) + 4 - 3
-2
What is (-1 - -4) + -2 + (3 - 1)?
3
What is 5 - 2 - (-1 - 0)?
4
What is -26 + 29 - (7 - -1)?
-5
Evaluate -6 - ((1 - 3) + (2 - 0)).
-6
Calculate (-8 - -18) + 2 + -3.
9
Calculate (-2 - (3 - 9)) + -7.
-3
Calculate -2 - -2 - 1 - 3.
-4
-4 + (15 - 0) + (28 - 33)
6
Calculate -15 - (-15 + 9 + -6).
-3
Evaluate (-21 - -18) + 0 + 0 - -6.
3
Evaluate -2 + 9 + -3 + -9.
-5
What is the value of -7 - (-3 + -22 + 11)?
7
What is 0 - (0 - (6 + -10))?
-4
Evaluate (6 + -8 - (-5 - -3)) + -4.
-4
What is the value of 8 - (4 + -2) - (2 + -1)?
5
What is 0 + -1 - ((3 - 9) + 2)?
3
What is -13 + 8 + (1 - 3) + 3?
-4
-18 + 14 - (-5 - 0)
1
What is -15 - -10 - (-2 + 0) - -3?
0
Calculate -5 + 5 + 1 + 3.
4
Calculate 4 - (11 + 3 + -6) - -3.
-1
What is 3 + 0 - (7 + -14 + 7)?
3
What is the value of 3 - ((-5 - -4) + -1)?
5
4 + 11 + -18 - (-6 - 1)
4
What is the value of -1 + 4 + -2 + 3?
4
Evaluate (10 + -13 - -1) + 7.
5
5 - (10 + -7 + 3)
-1
3 - (3 + -1) - 0 - -4
5
What is (218 - 218) + -2 + 3 + -2?
-1
What is the value of 7 - (10 + -15 + 6)?
6
-18 - -12 - (1 + -4)
-3
Calculate 0 - (1 + -4 + -3 + 10).
-4
Calculate 1 + 2 + 1 - 2.
2
What is 5 + -8 + -4 - -6 - 0?
-1
Calculate (-23 - -6) + -1 + 7.
-11
What is the value of 47 + -50 - (2 - 0)?
-5
Evaluate -6 - (-7 + 8 + 0) - -5.
-2
What is the value of 15 + -7 + (4 - 7) + -6?
-1
6 + -9 - (-5 - -3)
-1
-5 + 11 + 0 + -3
3
What is the value of -5 - (-5 + 8 - -1 - 5)?
-4
1 + (-1 - (-8 - -3 - 1))
6
3 + 5 + -2 + -2 + 1
5
What is -6 + 3 + (-6 - (-4 - 1))?
-4
What is 11 - (8 - (-4 + 3))?
2
Calculate -3 + (2 + 0 - (-6 + 6)).
-1
What is -4 - (3 + -4) - -4 - -2?
3
What is the value of 10 + -2 - ((-2 - -18) + -10)?
2
6 + -10 + 2 + 3 + -3
-2
-7 + (-8 - (-21 - -4))
2
What is the value of 0 - -1 - (0 - (2 + -5))?
-2
What is 3 - (1 - -4) - (-2 - -1)?
-1
What is the value of -1 - (2 + 1 + -6 + 0)?
2
Evaluate (-2 - -9) + (28 - 28).
7
Evaluate -5 + (4 - 3 - 1).
-5
Evaluate -11 + (8 - (8 + -7)).
-4
Evaluate 8 + (10 - 8) + -5.
5
Evaluate -2 - (7 + -4 + -9 + 1).
3
Evaluate (-4 + 1 - -3 - 1) + 1.
0
Calculate 0 - -3 - (2 + 2).
-1
Evaluate -1 - 2 - (2 - (8 - 7)).
-4
Calculate -1 + (-1 - (-4 - (0 - 1))).
1
What is the value of -5 - 0 - (-2 + 2)?
-5
What is 3 - (1 - (3 - -8 - 7))?
6
Evaluate -5 - 2 - -4 - -1.
-2
18 - (13 - (-12 + 12))
5
Evaluate (-3 - -1) + -3 + 4 + -5.
-6
What is the value of (-1 - 2) + (-4 - -7 - -1)?
1
What is -4 - (-2 - (1 + -1 + 4))?
2
What is the value of (-8 - (-13 + 5)) + -4 + 11?
7
Calculate 9 + (-2 - ((-6 - -2) + 6)).
5
Evaluate (-17 - (-7 + -6)) + 15.
11
What is 3 + (1 - 4) + (2 - 1)?
1
Calculate (-1 - -7 - -1) + -7 - 0.
0
(-5 - -8) + -6 + -2
-5
(2 + 0 + 1 - 9) + 1
-5
What is the value of (1 + 0 - 6 - -5) + -7?
-7
What is the value of 4 - (0 - (-4 - 3))?
-3
What is the value of -1 + -4 + (-4 - -4)?
-5
What is -8 - (-5 - (-3 - (-4 - -3)))?
-5
What is the value of 3 - (-6 + 11 + -6)?
4
What is the value of 1 + (0 - -3) + 3 + -4?
3
Calculate 5 + -1 - (-8 + 13).
-1
What is the value of 2 + 5 + -1 + -4?
2
What is (-5 - -8) + 1 + -5?
-1
Calculate (-1 - -4) + (1 - 1 - -1).
4
Evaluate 5 - (3 + (3 - 3)).
2
What is the value of 2 + -7 - (-7 - (-8 - -7))?
1
Calculate 6 - (7 - (0 - -6)).
5
-2 - (3 + -10) - (9 - 4)
0
1 + 0 - (2 - 1) - 4
-4
Evaluate -5 + 1 + (-2 - -3).
-3
Calculate 36 + -27 - (4 - -2).
3
Evaluate 4 - (-1 - (-3 - (-3 + 2))).
3
(3 - 3) + (4 - 3) - -3
4
5 - (-14 - -18 - (0 - -2))
3
What is the value of (5 - -2) + (-16 - -14)?
5
Calculate 9 + (7 - 2 - 11).
3
What is the value of -5 + (5 - (-3 - -3))?
0
Calculate -21 + 19 - (-2 + 1) - -2.
1
What is the value of (-77 - -80) + -1 + -2?
0
What is the value of 0 + -1 + 8 + (5 - 16)?
-4
Evaluate (1 - (5 - 4)) + -2.
-2
What is -2 - (0 + 0 + 2)?
-4
What is (1 - (3 - 6)) + 0?
4
Calculate -13 + 39 - 12 - 16.
-2
What is the value of -4 - (-4 - (2 + -3 + -3))?
-4
Calculate -16 - ((-6 - -6) + -11).
-5
Evaluate (-2 - (0 + 5)) + 2 - -3.
-2
3 + 8 + -11 - 4
-4
Calculate 4 + -2 + -2 + 0 - -3.
3
Evaluate 14 + -4 + -9 - (0 + 6).
-5
Calculate -8 + (1 - -5) - -1.
-1
Evaluate -18 + (3 - (5 - 12)).
-8
What is 53 + -51 + 2 + 0?
4
(9 + -6 - -1) + 1 - 5
0
Calculate -7 + (4 + -9 - -11).
-1
What is -1 + -1 - (-7 - -6 - 0)?
-1
What is the value of 6 - 0 - (3 + (10 - 6))?
-1
What